2 - 15*k + 24. Let x(g) = 5*l(g) - 2*r(g). Calculate the remainder when 10 is divided by x(9).
1
Suppose -3*q - 11 = 4. Let k = q - -13. Calculate the remainder when 21 is divided by k.
5
Suppose 5*w - 14 = 2*w - 5*g, 0 = w - g + 6. Let r(z) = -26*z + 1. Calculate the remainder when r(w) is divided by 27.
26
Suppose 2*y = 6*y - 16, 0 = -2*h - 4*y + 20. What is the remainder when 2 is divided by h?
0
Let u(c) = -c**3 - 4*c**2 + 7*c - 5. Calculate the remainder when u(-8) is divided by 33.
30
Let m = -3 - -11. Suppose 5*i - 72 = m. Calculate the remainder when i is divided by 5/((-15)/(-6)) - -4.
4
Let m = -5 + 8. Calculate the remainder when m is divided by 2/(-1)*(-4)/4.
1
Let r be ((-132)/10)/((-14)/35). Let d = 46 - r. What is the remainder when 50 is divided by d?
11
Let q = 50 + -43. What is the remainder when 13 is divided by q?
6
Let o(y) = 5*y + 2. Let r be (1/1)/(1/(-2)). Calculate the remainder when o(4) is divided by (36/(-15))/(r/10).
10
Suppose 4*k - 643 = -59. Suppose -7*n + 78 = -k. What is the remainder when n is divided by 17?
15
Let t(h) = h**3 + 20*h**2 + 17*h + 26. Suppose 5*p = 10 + 100. Calculate the remainder when t(-19) is divided by p.
20
Suppose 3*d + 9 = 6*d - l, 2*l = 3*d - 6. Calculate the remainder when 6 is divided by d.
2
Let p(b) be the first derivative of 5*b**3/3 - b**2/2 - 3. What is the remainder when p(-2) is divided by 8?
6
Let d(j) = 12*j**2 - 6*j - 5. Calculate the remainder when 29 is divided by d(-1).
3
Calculate the remainder when (-2)/6 + (0 - (-408)/9) is divided by 23.
22
Let m(i) = i**3 + 14*i**2 - 2*i - 12. Calculate the remainder when 30 is divided by m(-14).
14
Let o(z) = -2*z - 11. Let t be o(-11). Let l = t - 10. What is the remainder when l is divided by 1?
0
Suppose -5*h + 5*i = -85, -5*i = -0*h + 2*h - 34. Calculate the remainder when 45 is divided by h.
11
Let y(b) = b + 26. What is the remainder when y(-8) is divided by 4?
2
Suppose 4*o + 5*t + 18 = 65, 4*o = -4*t + 48. Suppose -5*n + 2*n = 12. Let f = n - -41. What is the remainder when f is divided by o?
11
Suppose 5*s + 6 = 2*q - 10, 19 = -2*s + 5*q. Let z be (s - -2)/3 - 2. Calculate the remainder when -2 - ((-2 - z) + -12) is divided by 6.
4
Suppose -4*u = 2*l - 12, 0 = -5*l - u - 0*u + 3. Let b = l - -4. Suppose 4*g + 0*j - 20 = b*j, 0 = -4*j. Calculate the remainder when 9 is divided by g.
4
Let f be 6/(-9) - (-97)/(-3). Let q = 67 + f. Calculate the remainder when q is divided by 18.
16
Let c = 5 + -1. Suppose 0 = u - 2*u + c. What is the remainder when 23 - (u/(-2) - 0) is divided by 13?
12
Suppose 42 = -u + 4*u. What is the remainder when u is divided by 162/21 + 2/7?
6
Calculate the remainder when 69 is divided by 5 + (-100)/(-5) - (1 - 0).
21
Suppose 0 = -v + l + 2, 5*v - 4*l + 9*l - 30 = 0. Let q(m) = -m**2 + 26*m - 35. What is the remainder when q(24) is divided by v?
1
Let g(a) be the second derivative of -3*a**3/2 - 4*a**2 - 3*a. What is the remainder when g(-9) is divided by 19?
16
Let m(o) = -2*o + 1. Let d be m(-3). Let l = d + 22. Calculate the remainder when l is divided by 1/(1/14) - -1.
14
Calculate the remainder when 16 is divided by (-1)/(-2)*20 - 4.
4
Let c be (1 + (-4)/3)*3. Let d(x) = -29*x. Let q be d(c). Let p = q + -11. Calculate the remainder when 52 is divided by p.
16
Suppose 12 = -2*t - w + 5*w, -t + 4*w = 14. What is the remainder when t*(-3)/(-6) - -46 is divided by 16?
15
Suppose 5*c - 21 = 34. Let h = 27 - 6. What is the remainder when h is divided by c?
10
Let w(r) = 3*r + 6*r**2 - 1 + 0*r + 3 + r**3. Suppose -n = y + 3, 4*y - 5*y = 5*n - 1. What is the remainder when 65 is divided by w(y)?
21
Let p = 31 - -3. Suppose -b = k - p - 13, 0 = -b. Suppose 2*l - 32 = -m, 2*l + 3*l + 3*m - 80 = 0. What is the remainder when k is divided by l?
15
Let h = -12 + 8. Calculate the remainder when 37 is divided by 1 + -6*6/h.
7
Suppose 2*y + 56 = 4*y. Let v(d) = 16*d**2 - 6*d + 5. Calculate the remainder when y is divided by v(1).
13
Suppose -h - 13 = 4*u, -u - 5 = 5*h + 4*u. Suppose 4*n - 60 = -0*n. What is the remainder when 55 - 2*(-3)/h is divided by n?
12
Suppose 2*i + 3*q + 10 = 5*q, 3*i + 2*q + 35 = 0. Calculate the remainder when -7 + 9 - 5*i is divided by 8.
7
Suppose -2*u - 5*g = -15, -2*u = 4*g - 14 - 6. What is the remainder when 29 is divided by u?
9
Suppose a + 3*k - 14 = 0, 3*k = -5*a + 1 + 81. Calculate the remainder when 98 is divided by a.
13
Let i = 2 - 6. Let u = i + 4. Suppose 0 = -w + 5*h + 6 + 26, -w - 5*h - 18 = u. What is the remainder when w is divided by 3?
1
Suppose 0 = -3*j + 6, -j + 44 = 3*z - 48. Calculate the remainder when z is divided by 8.
6
Let z(a) = 25*a**2. What is the remainder when z(-1) is divided by 7?
4
Let q = 33 + -17. Suppose -5*s = -a + 21, 0 = -2*a - 3*s + 71 + 36. Calculate the remainder when a is divided by q.
14
Suppose 5*o = o - 24. Suppose 0 = 6*j - 2*j - 36. What is the remainder when j is divided by 2*o*(-3)/12?
0
Suppose -k = -2*k + 9. Calculate the remainder when 1 + 18/(-24) - 67/(-4) is divided by k.
8
Suppose 8 = -4*f, -f = -h + 4*h - 343. What is the remainder when h is divided by 29?
28
Let v = -44 - -234. Let k = -112 + v. What is the remainder when k is divided by 20?
18
Let b(i) = -i + 1. Let f be b(-6). Suppose 3 = -t + f. What is the remainder when 10*2/(-6)*-3 is divided by t?
2
Suppose 88 - 8 = 5*b. Suppose 2*x + 10 = 3*x. Let y = b - x. What is the remainder when 11 is divided by y?
5
Let z(o) = 7*o + 21. What is the remainder when z(4) is divided by 10?
9
Let b = 19 + -11. Calculate the remainder when 10 + -5*(-8)/10 is divided by b.
6
Suppose t + 3 - 6 = -4*b, -4*t - b + 57 = 0. What is the remainder when 87 is divided by t?
12
Suppose 4*f + 4 = 3*w, -6*f - 4 = 4*w - 2*f. Let r be (-2 - w)/(-8)*4. What is the remainder when 9 is divided by (-1)/(r*1/(-5))?
4
Let c(n) = 2*n**3 + 2*n**2 - n - 4. Let v(l) = -3*l**3 - 5*l**2 + l + 8. Let r(t) = -5*c(t) - 3*v(t). What is the remainder when 10 is divided by r(5)?
4
Let s = 22 - 11. What is the remainder when 31 is divided by s?
9
Let k(m) = -14*m + 4. What is the remainder when k(-3) is divided by ((-1)/2)/((-3)/72)?
10
Suppose 3*w = 4*n + 34, 0 = -5*w - 0*w + 5*n + 65. Let h be (-2)/9 + 70/(-9). Calculate the remainder when w is divided by (-78)/h + 1/4.
8
Let o = 4 + 9. Calculate the remainder when o is divided by 7.
6
Let g = -48 + 68. Let o = g - -9. What is the remainder when o is divided by (10/3)/(2/6)?
9
Suppose -4*c = -7*c. Calculate the remainder when 56 is divided by (c + 0 + -19)/(-1).
18
Let z(t) = -t**2 + 11*t - 15. What is the remainder when 62 is divided by z(8)?
8
Let j(h) = -h**3 + 7*h**2 - 5*h + 1. Calculate the remainder when 41 is divided by j(2).
8
Let q = -20 - -38. Let d = 27 - -6. What is the remainder when d is divided by q?
15
Let h(r) = -r**3 - 5*r**2 + r + 6. Calculate the remainder when h(-6) is divided by 10.
6
Suppose 2*z - 90 = -3*z. Let h = 172 - 103. What is the remainder when h is divided by z?
15
Suppose -2*o - 9 = d, 11 + 9 = -4*d. Let x be (-24)/(o/(-2)) + 2. What is the remainder when (-2)/(-11) - 546/x is divided by 13?
12
Let t(b) = -b**3 + 4*b**2 + 5*b - 9. Let m = 62 - 21. What is the remainder when m is divided by t(4)?
8
Let b(k) = k**2 - 4*k - 4. Let v be (0 + 27*-3)*-1. Let f = -58 + v. What is the remainder when f is divided by b(6)?
7
Suppose -17*m + 168 = -393. Suppose 73 - 1 = 4*w. What is the remainder when m is divided by w?
15
Let y(o) = o**2 + 3*o + 19. Calculate the remainder when y(-6) is divided by 13.
11
Let y(w) = -w**3 - 6*w**2 - 6*w - 3. Let b be y(-5). Suppose -q + 16 = -4*k - 0, 3*k - 9 = 0. What is the remainder when q is divided by -1*(-3 + b) + 14?
13
Let c be (5 + -1)/(-12)*-15. Suppose 110 = 2*y + 4*r, -c*y - 5*r = -2*y - 162. What is the remainder when y is divided by 17?
15
Suppose -14*s + 1399 = -925. What is the remainder when s is divided by 13?
10
What is the remainder when 59 is divided by (-2)/(-5) - (-146)/10?
14
Suppose q + 2*f = -1, -2*q + 0*f - 5 = 5*f. Suppose -3*n - 33 = -2*c - c, q*n = 0. What is the remainder when 31 is divided by c?
9
Let g = 4 + 7. Let k = g - -5. Calculate the remainder when 31 is divided by k.
15
Let k be (-48)/4 + 4/2. What is the remainder when 22 is divided by 4/k - 84/(-10)?
6
Let q